 77 is divided by 15?
2
What is the remainder when 5317 is divided by 93?
16
Calculate the remainder when 49 is divided by 13.
10
Calculate the remainder when 67 is divided by 9.
4
Calculate the remainder when 103 is divided by 35.
33
What is the remainder when 148 is divided by 8?
4
What is the remainder when 109 is divided by 62?
47
Calculate the remainder when 887 is divided by 11.
7
What is the remainder when 498 is divided by 100?
98
Calculate the remainder when 22 is divided by 5.
2
Calculate the remainder when 194 is divided by 95.
4
Calculate the remainder when 2378 is divided by 64.
10
Calculate the remainder when 6563 is divided by 199.
195
What is the remainder when 491 is divided by 468?
23
Calculate the remainder when 320 is divided by 131.
58
What is the remainder when 217 is divided by 60?
37
Calculate the remainder when 201 is divided by 53.
42
What is the remainder when 905 is divided by 204?
89
What is the remainder when 233 is divided by 26?
25
Calculate the remainder when 1082 is divided by 231.
158
Calculate the remainder when 104 is divided by 79.
25
Calculate the remainder when 462 is divided by 71.
36
What is the remainder when 168 is divided by 84?
0
What is the remainder when 809 is divided by 116?
113
Calculate the remainder when 88 is divided by 32.
24
Calculate the remainder when 47 is divided by 41.
6
What is the remainder when 216 is divided by 7?
6
Calculate the remainder when 640 is divided by 62.
20
Calculate the remainder when 1654 is divided by 36.
34
What is the remainder when 208 is divided by 152?
56
What is the remainder when 3645 is divided by 33?
15
What is the remainder when 846 is divided by 140?
6
What is the remainder when 15321 is divided by 47?
46
What is the remainder when 196 is divided by 62?
10
What is the remainder when 165 is divided by 24?
21
Calculate the remainder when 2060 is divided by 172.
168
What is the remainder when 112 is divided by 35?
7
What is the remainder when 1257 is divided by 18?
15
What is the remainder when 374 is divided by 132?
110
What is the remainder when 6088 is divided by 92?
16
What is the remainder when 59 is divided by 31?
28
What is the remainder when 845 is divided by 106?
103
Calculate the remainder when 90 is divided by 19.
14
What is the remainder when 3102 is divided by 1026?
24
Calculate the remainder when 3980 is divided by 24.
20
What is the remainder when 309 is divided by 16?
5
Calculate the remainder when 725 is divided by 34.
11
What is the remainder when 4478 is divided by 112?
110
What is the remainder when 599 is divided by 180?
59
Calculate the remainder when 136 is divided by 20.
16
Calculate the remainder when 6082 is divided by 52.
50
Calculate the remainder when 1301 is divided by 17.
9
Calculate the remainder when 863 is divided by 36.
35
Calculate the remainder when 40 is divided by 11.
7
What is the remainder when 50 is divided by 5?
0
What is the remainder when 549 is divided by 50?
49
Calculate the remainder when 63 is divided by 22.
19
Calculate the remainder when 1716 is divided by 17.
16
Calculate the remainder when 445 is divided by 24.
13
What is the remainder when 919 is divided by 58?
49
What is the remainder when 1092 is divided by 273?
0
What is the remainder when 3122 is divided by 445?
7
Calculate the remainder when 149 is divided by 53.
43
What is the remainder when 20 is divided by 16?
4
Calculate the remainder when 179 is divided by 43.
7
What is the remainder when 60 is divided by 35?
25
Calculate the remainder when 138 is divided by 14.
12
Calculate the remainder when 3252 is divided by 251.
240
What is the remainder when 855 is divided by 21?
15
Calculate the remainder when 577 is divided by 58.
55
Calculate the remainder when 4103 is divided by 26.
21
What is the remainder when 3056 is divided by 102?
98
Calculate the remainder when 446 is divided by 75.
71
Calculate the remainder when 895 is divided by 60.
55
What is the remainder when 661 is divided by 39?
37
Calculate the remainder when 2219 is divided by 253.
195
Calculate the remainder when 138 is divided by 9.
3
What is the remainder when 327 is divided by 42?
33
What is the remainder when 26010 is divided by 14?
12
What is the remainder when 935 is divided by 467?
1
Calculate the remainder when 202 is divided by 97.
8
Calculate the remainder when 978 is divided by 101.
69
What is the remainder when 20 is divided by 4?
0
What is the remainder when 515 is divided by 37?
34
Calculate the remainder when 36 is divided by 7.
1
Calculate the remainder when 11936 is divided by 398.
394
What is the remainder when 427 is divided by 58?
21
What is the remainder when 579 is divided by 103?
64
Calculate the remainder when 458 is divided by 33.
29
Calculate the remainder when 240 is divided by 22.
20
Calculate the remainder when 225 is divided by 80.
65
Calculate the remainder when 1215 is divided by 23.
19
Calculate the remainder when 110 is divided by 51.
8
What is the remainder when 285 is divided by 77?
54
Calculate the remainder when 697 is divided by 20.
17
Calculate the remainder when 136 is divided by 58.
20
What is the remainder when 328 is divided by 158?
12
What is the remainder when 1174 is divided by 47?
46
What is the remainder when 591 is divided by 25?
16
Calculate the remainder when 106 is divided by 38.
30
What is the remainder when 84 is divided by 8?
4
Calculate the remainder when 2198 is divided by 20.
18
What is the remainder when 151 is divided by 64?
23
Calculate the remainder when 1177 is divided by 20.
17
Calculate the remainder when 317 is divided by 76.
13
What is the remainder when 122 is divided by 104?
18
Calculate the remainder when 10101 is divided by 28.
21
Calculate the remainder when 271 is divided by 62.
23
What is the remainder when 4170 is divided by 149?
147
What is the remainder when 20 is divided by 9?
2
What is the remainder when 344 is divided by 23?
22
Calculate the remainder when 267 is divided by 9.
6
What is the remainder when 354 is divided by 42?
18
What is the remainder when 1244 is divided by 248?
4
Calculate the remainder when 78 is divided by 44.
34
Calculate the remainder when 174 is divided by 92.
82
Calculate the remainder when 23504 is divided by 46.
44
What is the remainder when 14639 is divided by 30?
29
Calculate the remainder when 1297 is divided by 100.
97
Calculate the remainder when 448 is divided by 35.
28
What is the remainder when 263 is divided by 94?
75
What is the remainder when 1371 is divided by 47?
8
Calculate the remainder when 1736 is divided by 35.
21
What is the remainder when 4606 is divided by 23?
6
What is the remainder when 341 is divided by 34?
1
Calculate the remainder when 60 is divided by 33.
27
Calculate the remainder when 839 is divided by 42.
41
Calculate the remainder when 1287 is divided by 318.
15
What is the remainder when 2525 is divided by 16?
13
Calculate the remainder when 56 is divided by 31.
25
Calculate the remainder when 421 is divided by 37.
14
What is the remainder when 719 is divided by 28?
19
Calculate the remainder when 594 is divided by 98.
6
Calculate the remainder when 140 is divided by 25.
15
Calculate the remainder when 288 is divided by 100.
88
What is the remainder when 676 is divided by 6?
4
Calculate the remainder when 261 is divided by 38.
33
What is the remainder when 2607 is divided by 6?
3
What is the remainder when 2746 is divided by 912?
10
What is the remainder when 48 is divided by 32?
16
What is the remainder when 95 is divided by 86?
9
Calculate the remainder when 571 is divided by 278.
15
Calculate the remainder when 456 is divided by 24.
0
Calculate the remainder when 4201 is divided by 16.
9
What is the remainder when 93 is divided by 15?
3
What is the remainder when 29466 is divided by 141?
138
Calculate the remainder when 247 is divided by 75.
22
What is the remainder when 27 is divided by 6?
3
What is the remainder when 63 is divided by 13?
11
What is the remainder when 16223 is divided by 12?
11
Calculate the remainder when 2729 is divided by 78.
77
What is the remainder when 95 is divided by 62?
33
What is the remainder when 711 is divided by 194?
129
What is the remainder when 171 is divided by 35?
31
Calculate the remainder when 127 is 